623479?
6
What is the hundred millions digit of 159177184?
1
What is the ten millions digit of 3158441275?
5
What is the tens digit of 45103118?
1
What is the ten thousands digit of 48639359?
3
What is the tens digit of 10349333?
3
What is the hundred millions digit of 7377446122?
3
What is the tens digit of 1168100840?
4
What is the thousands digit of 169085301?
5
What is the ten millions digit of 586584194?
8
What is the hundred thousands digit of 150940606?
9
What is the ten thousands digit of 676008080?
0
What is the tens digit of 31727416?
1
What is the hundred thousands digit of 96700584?
7
What is the tens digit of 68734976?
7
What is the thousands digit of 399891481?
1
What is the ten millions digit of 169882643?
6
What is the thousands digit of 6942640?
2
What is the hundred thousands digit of 72785024?
7
What is the tens digit of 468684323?
2
What is the units digit of 237697249?
9
What is the tens digit of 100335061?
6
What is the tens digit of 144548894?
9
What is the tens digit of 3715450896?
9
What is the hundred millions digit of 556808564?
5
What is the ten thousands digit of 26718340?
1
What is the millions digit of 17899200?
7
What is the ten thousands digit of 205755485?
5
What is the units digit of 14004909?
9
What is the thousands digit of 3973965?
3
What is the hundred millions digit of 1281734535?
2
What is the ten thousands digit of 218503229?
0
What is the tens digit of 9474778?
7
What is the hundreds digit of 218778417?
4
What is the millions digit of 215389424?
5
What is the hundreds digit of 345886042?
0
What is the hundreds digit of 282547768?
7
What is the hundreds digit of 3344021440?
4
What is the tens digit of 1714293186?
8
What is the millions digit of 1917261522?
7
What is the units digit of 2138909514?
4
What is the tens digit of 2572105566?
6
What is the units digit of 42315031?
1
What is the units digit of 3745034784?
4
What is the units digit of 304655188?
8
What is the thousands digit of 2139911948?
1
What is the thousands digit of 272646098?
6
What is the thousands digit of 1293432699?
2
What is the hundreds digit of 300780365?
3
What is the millions digit of 109631709?
9
What is the thousands digit of 3955135108?
5
What is the thousands digit of 83489171?
9
What is the hundreds digit of 35819897?
8
What is the millions digit of 219409624?
9
What is the hundred millions digit of 481132546?
4
What is the thousands digit of 1558646?
8
What is the hundred millions digit of 818967651?
8
What is the ten millions digit of 319528486?
1
What is the hundred millions digit of 254535801?
2
What is the thousands digit of 2995257722?
7
What is the thousands digit of 497303001?
3
What is the tens digit of 34087497?
9
What is the hundreds digit of 52862842?
8
What is the millions digit of 535753571?
5
What is the hundreds digit of 634735570?
5
What is the units digit of 67738703?
3
What is the hundreds digit of 211339344?
3
What is the hundred thousands digit of 1366912307?
9
What is the ten thousands digit of 71817044?
1
What is the ten thousands digit of 34596063?
9
What is the ten thousands digit of 17603911?
0
What is the tens digit of 179485065?
6
What is the hundreds digit of 35295789?
7
What is the hundreds digit of 122417783?
7
What is the hundred thousands digit of 222200157?
2
What is the ten thousands digit of 772814983?
1
What is the millions digit of 3599741?
3
What is the units digit of 4446519536?
6
What is the billions digit of 5783560591?
5
What is the hundred thousands digit of 33544919?
5
What is the ten thousands digit of 124858508?
5
What is the millions digit of 93760496?
3
What is the units digit of 42920699?
9
What is the units digit of 2056400228?
8
What is the ten millions digit of 175593940?
7
What is the hundred thousands digit of 14013868?
0
What is the ten thousands digit of 8242173?
4
What is the hundreds digit of 476591647?
6
What is the ten millions digit of 302061324?
0
What is the tens digit of 62184073?
7
What is the units digit of 2105297610?
0
What is the hundred thousands digit of 661000246?
0
What is the ten thousands digit of 59919284?
1
What is the billions digit of 2992339792?
2
What is the ten millions digit of 288035563?
8
What is the hundreds digit of 107836400?
4
What is the tens digit of 31894376?
7
What is the ten millions digit of 597261564?
9
What is the hundreds digit of 141086079?
0
What is the ten millions digit of 119565710?
1
What is the tens digit of 549083608?
0
What is the ten millions digit of 32385102?
3
What is the hundreds digit of 4496585622?
6
What is the hundred millions digit of 1916804583?
9
What is the tens digit of 265586220?
2
What is the ten thousands digit of 68226064?
2
What is the hundred thousands digit of 369540379?
5
What is the ten thousands digit of 758869122?
6
What is the ten thousands digit of 36236555?
3
What is the hundred thousands digit of 382432151?
4
What is the units digit of 76277928?
8
What is the units digit of 28813680?
0
What is the hundred thousands digit of 318295846?
2
What is the thousands digit of 248610282?
0
What is the tens digit of 3676510981?
8
What is the millions digit of 23385018?
3
What is the ten millions digit of 53814649?
5
What is the millions digit of 957271896?
7
What is the hundred millions digit of 110695580?
1
What is the tens digit of 24269741?
4
What is the ten millions digit of 216929248?
1
What is the units digit of 20230046?
6
What is the tens digit of 2517206277?
7
What is the millions digit of 4531674149?
1
What is the thousands digit of 6169373135?
3
What is the hundred thousands digit of 314819147?
8
What is the thousands digit of 889331486?
1
What is the tens digit of 1287759214?
1
What is the hundred thousands digit of 410411048?
4
What is the millions digit of 195293408?
5
What is the hundred millions digit of 924273418?
9
What is the units digit of 1523647564?
4
What is the units digit of 38791185?
5
What is the millions digit of 143307427?
3
What is the tens digit of 137253967?
6
What is the thousands digit of 336745218?
5
What is the hundred millions digit of 136634815?
1
What is the ten millions digit of 168054466?
6
What is the tens digit of 156589879?
7
What is the hundred thousands digit of 50575953?
5
What is the hundred millions digit of 130745712?
1
What is the hundreds digit of 340827726?
7
What is the millions digit of 196610280?
6
What is the millions digit of 1969901208?
9
What is the billions digit of 3288281041?
3
What is the ten millions digit of 16349162?
1
What is the units digit of 2879422039?
9
What is the hundred thousands digit of 368324213?
3
What is the hundred thousands digit of 1804691961?
6
What is the millions digit of 30495582?
0
What is the hundreds digit of 209045778?
7
What is the hundred thousands digit of 76490869?
4
What is the thousands digit of 4494260?
4
What is the ten millions digit of 45632090?
4
What is the ten millions digit of 52388301?
5
What is the ten thousands digit of 20880520?
8
What is the thousands digit of 3574461944?
1
What is the hundreds digit of 372074128?
1
What is the hundred millions digit of 403685933?
4
What is the millions digit of 54420676?
4
What is the units digit of 883087201?
1
What is the millions digit of 201146272?
1
What is the millions digit of 751720457?
1
What is the hundreds digit of 1040857379?
3
What is the thousands digit of 7073850257?
0
What is the units digit of 94769967?
7
What is the ten thousands digit of 40615481?
1
What is the tens digit of 5855653?
5
What is the ten millions digit of 69605858?
6
What is the hundreds digit of 233962879?
8
What is the millions digit of 489728582?
9
What is the hundred thousands digit of 168709658?
7
What is the ten millions digit of 467190490?
6
What is the tens digit of 276267380?
8
What is the thousands digit of 1152080009?
0
What is the hundred millions digit of 284572827?
2
What is the ten thousands digit of 45740311?
4
What is the thousands digit of 1607179448?
9
What is the hundred thousands digit of 140608318?
6
What is the hundred millions digit of 7238754356?
2
What is the millions digit of 345941942?
5
What is the millions digit of 516717150?
6
What is the units digit of 416646325?
5
What is the tens digit of 946823?
2
What is the billions digit of 45731107